p + -2. List the prime factors of j.
5
Let h be (-9 + -11)*(-3)/4. List the prime factors of (-6)/h - 1221/(-15).
3
Let g(m) = 11*m**2 + m - 5. Let r be g(-3). Suppose -r - 89 = -4*l. What are the prime factors of l?
3, 5
Let w(h) = 8 - 3*h - 102*h - 18*h. List the prime factors of w(-2).
2, 127
Let y(a) = 78*a - 166. List the prime factors of y(14).
2, 463
Suppose 3*x + 11 = 83. What are the prime factors of ((-3)/(-2))/((-9)/x) - -218?
2, 107
Let r be (-1136)/44 + (-4)/22. Let u = r - -48. Suppose 5*n = 8 + u. List the prime factors of n.
2, 3
List the prime factors of (-3 - 1) + (2 - -5) + 1925.
2, 241
Suppose -4*z + 2*u = 7*u - 15073, -2*z = -7*u - 7489. List the prime factors of z.
2, 3, 11, 19
Suppose 29*n - 41*n + 66024 = 0. List the prime factors of n.
2, 3, 7, 131
Let r = -2 - -20. Let f = r + -16. List the prime factors of f.
2
Let f be (60/70)/((-2)/(-7)). Suppose f*v - 2*v - 40 = 0. List the prime factors of v.
2, 5
Let y(d) = -22*d + 367. List the prime factors of y(-74).
3, 5, 7, 19
Let q(a) be the second derivative of -a**6/360 + a**5/12 - 5*a**4/24 + a**3/2 + 4*a. Let u(s) be the second derivative of q(s). List the prime factors of u(7).
2
Suppose -f + 4 = 4*u, 0*f - u = -3*f + 25. Suppose 6*w + 90 = f*w. What are the prime factors of w?
3, 5
Let j be 82/(-4)*(-7 - -5). Let n(z) = -z**3 - 11*z**2 - 10*z - 21. Let k be n(-10). Let u = j + k. What are the prime factors of u?
2, 5
Let n = 67 + -61. List the prime factors of (77/(-1))/(n + 42/(-6)).
7, 11
Let y = 1657 - 668. List the prime factors of y.
23, 43
List the prime factors of 16/4 - -905 - -2.
911
Let h(b) = 17*b**2 - b + 27. List the prime factors of h(10).
17, 101
Suppose -5*r + 644 = 2*j, -4*j - 4*r + 198 + 1078 = 0. List the prime factors of j.
317
Suppose 18*w = -3*w + 4*w. Suppose -h + 2 = w, g + 1022 = 5*g - h. What are the prime factors of g?
2
Suppose -3 = -2*w + 5*w. Let k(h) = 17*h**2 - h - 3. Let a(n) = 26*n**2 - 2*n - 5. Let b(o) = -5*a(o) + 8*k(o). List the prime factors of b(w).
5
Suppose -5179 = -2*d - d + 5*h, 4*d + 5*h - 6917 = 0. List the prime factors of d.
2, 3
Let o = 7 - -1. Suppose -24 = -4*g - o. Suppose 2*s - 27 = -3*m, g*s + 18 = -m + 57. List the prime factors of s.
3
Suppose -75*r - 21328 = -106*r. What are the prime factors of r?
2, 43
Let a be (-3)/(-6) + (-9)/(-6). Suppose -2*q + 18 = a. What are the prime factors of q?
2
Let n = -11 - -1. Let y be -1*4/(8/n). Suppose -3*d + 0*d + 5*s + 36 = 0, y*d - 5*s - 50 = 0. List the prime factors of d.
7
Suppose 5*l + 5*l - 710 = 0. Let v = -14 + l. List the prime factors of v.
3, 19
Let m(d) = -85*d**3 - 2*d - 1. Let k = 16 - 17. Let w be m(k). Suppose -3*a - j = -49 - 97, -w = -2*a + 5*j. What are the prime factors of a?
2, 3
Let m(d) be the third derivative of d**5/60 + d**4/8 + 7*d**3/6 - 4*d**2. List the prime factors of m(-9).
61
Let s(p) = -77*p - 189. List the prime factors of s(-24).
3, 7, 79
Let d = 60 + -57. Suppose -d*n + v = 4*v - 606, 2*n = -v + 399. List the prime factors of n.
197
Let o(w) = 2*w**2 - 23*w + 99. What are the prime factors of o(19)?
2, 3
Suppose 2*h - 5*h - 125 = -n, -2*n - 3*h + 268 = 0. Let d = -41 + n. What are the prime factors of d?
2, 3, 5
List the prime factors of -1 + 6 + 158 + 32.
3, 5, 13
Let l = 75 - 72. Suppose 2*v = 4*w - 0*v - 790, -v + 600 = l*w. List the prime factors of w.
199
Let b(v) = -5*v**3 - v**2 + 9. What are the prime factors of b(-4)?
313
Let p be (-4)/(-18) + 128/72. Suppose -p*v - 8 = -0*v + 4*b, -4*b - 44 = -4*v. Suppose 150 = v*t - t. What are the prime factors of t?
2, 3, 5
Suppose -3*j = -2*j - 4. Let p(c) = 4*c**2 - 4*c - 3 - 4 - c**2. List the prime factors of p(j).
5
Let a = 171 - 203. Let t = 127 + a. List the prime factors of t.
5, 19
Let h(b) = b**3 + 5*b**2 - 3*b - 6. Let t be h(-5). Let w(n) = 3*n + 1. List the prime factors of w(t).
2, 7
Let k be (5/(-3))/((-30)/108). Let m(w) = w**2 + 3*w + 17. List the prime factors of m(k).
71
Let l(b) = -21*b**2 - 2*b. Let w(p) = p**2 - 7*p - 10. Let x be w(8). Let r be l(x). Let m = -28 - r. List the prime factors of m.
2, 13
Let g(i) = -5*i**3 - 15*i**2 + 30*i + 10. Let u(j) = -11*j**3 - 29*j**2 + 61*j + 19. Let q(y) = -13*g(y) + 6*u(y). What are the prime factors of q(19)?
2, 5
Let p(y) = 4*y + y + y**2 + 3*y + 11. Let m be p(-7). Suppose -a + 0*k + k = -16, -3*a + 53 = -m*k. List the prime factors of a.
11
Let g be 2/(-5) - 135/(-25). Suppose 649 = g*m + 69. List the prime factors of m.
2, 29
Suppose 2 = -2*n + 4*n. Let c be (2 + (-2 - n))*-9. Suppose 6*l + 4*m = l + 15, -3*m + c = 3*l. What are the prime factors of l?
3
Let g = 26 - -230. Let d = g - 179. What are the prime factors of d?
7, 11
Let k(c) = -2*c**3 + 15*c**2 - 12*c - 5. Let w = 35 - 29. List the prime factors of k(w).
31
Suppose 4*n - 12 = -0, 0 = 2*j + 3*n - 13. List the prime factors of (-30)/(-8)*(14 + j).
2, 3, 5
Suppose -2*g = 295 - 7917. List the prime factors of g.
37, 103
Suppose -878 = -2*d + 5*w, -37*d + 33*d + 2*w + 1724 = 0. List the prime factors of d.
3, 11, 13
Let g(j) = -j**3 - 10*j**2 - 5*j. Let x be g(-11). Suppose -2*m + x + 280 = 0. List the prime factors of m.
2, 3, 19
Suppose -17*g + 40112 - 6894 = 0. List the prime factors of g.
2, 977
Let r be (115*5/(-15))/(1/(-6)). Suppose r = 4*t - 430. What are the prime factors of t?
3, 5, 11
Suppose -2*q = 3*v - 3249, -q = 2*v + 279 - 2444. List the prime factors of v.
23, 47
Let y(d) = -d**3 + 4*d**2 + d - 3. Let r be y(3). Let p be (-10)/(-3)*r/5. Let i(q) = 3*q + 8. List the prime factors of i(p).
2, 13
Let a(g) = -g**2 - 4*g - 3. Let j be a(-3). Suppose j = -5*t - 0*t + 20. Suppose y - t*y = -96. List the prime factors of y.
2
Suppose -3*v - f = -113, -185 = -5*v + 3*f - 8*f. Let y = v - 26. List the prime factors of y.
2, 3
Suppose 3*t - 119 - 19 = 0. Let v = t - -14. Let h = -35 + v. What are the prime factors of h?
5
Suppose 0 = -0*o + 2*o + 64. Suppose 0 = 4*h - u - 255, -4*h + 4*u - 86 = -326. Let i = o + h. What are the prime factors of i?
3, 11
Let n be 16/2 + -4 + -1. What are the prime factors of (-2)/n + (-2170)/(-42)?
3, 17
Suppose 98 = 4*j - 54. Let b = j - 18. Let s = 50 - b. What are the prime factors of s?
2, 3, 5
Suppose 33152 = 6*c + 26*c. List the prime factors of c.
2, 7, 37
Let w be (-3 - -2)/(36/20 - 2). Suppose -3*n + w*i = -593, -628 = -7*n + 4*n - 2*i. What are the prime factors of n?
2, 103
What are the prime factors of 130/325 - (-17973)/5?
5, 719
Let r be 6/(-48) - (9/(-8) + -1). Let h = -5 + 7. Suppose f = 1 - 2, -r*b + h*f = -84. List the prime factors of b.
41
Let j = -866 + 1035. What are the prime factors of j?
13
Let k(x) = -6 + 503*x**2 - 11*x - 502*x**2 + 19. Let p be k(10). Suppose 0 = -5*b - c + 2*c + 58, -4*b - p*c = -54. What are the prime factors of b?
2, 3
Let m(b) = 3*b**2 - b - 3*b**2 + 2*b**2. Suppose 0 = -5*t + 10, -4*j - 22 = 5*t - 10*t. What are the prime factors of m(j)?
3, 7
Suppose -3406 = -6*f + 3314. List the prime factors of f.
2, 5, 7
Let b = 29 + -18. Let z = b + -13. List the prime factors of (z/6)/(3/(-261)).
29
Suppose -7*d = -9*d - 4. What are the prime factors of (3 + d)/((-5 - 0)/(-90))?
2, 3
Let t = -256 + 562. List the prime factors of t.
2, 3, 17
Suppose 4*f - 392 = -3*f. Let m = -28 + f. What are the prime factors of m?
2, 7
Let x = 2026 + -983. What are the prime factors of x?
7, 149
Let b(z) = -13*z - 2. Let y be 75/(-27) - 6/27. Let k be b(y). Let a = 64 - k. List the prime factors of a.
3
Let l be (2/(-6))/((-5)/(-15)). Let v = 4 + l. Suppose 11 = v*x + 5*a, x - 1 = 3*a - 2. List the prime factors of x.
2
Let m(c) = c**3 - 17*c**2 + 22*c + 6. Let i be m(16). Let h = -7 + 10. Suppose -h*w = -6*w + i. List the prime factors of w.
2, 17
Let a(i) = -3*i - 11. Suppose 2*g = -4*k + g - 16, -3 = -k - 2*g. Let x be a(k). Suppose 2*f = -3*n + 43, 5*f = x*n + 77 + 88. List the prime factors of f.
29
Let o = -4 + 9. List the prime factors of (-6)/(-10)*o + 82.
5, 17
Suppose 20*s = 12*s + 520. List the prime factors of s.
5, 13
Let c(t) = -6*t - 6. Let f be c(11). Let o = -50 - f. List the prime factors of o.
2, 11
Let b be -7 + (-2 + 18)/4. Let v(u) = -15*u + 3. What are the prime factors of v(b)?
2, 3
Suppose 2*p - 1861 = d - 562, 5*p = -2*d + 3261. Suppose -4*q + 5*a = -p, -3*q - 3*a = q - 659